
What is the greatest common divisor of 1243 and 55?
11
What is the greatest common divisor of 318 and 212?
106
Calculate the greatest common factor of 1004 and 12.
4
Calculate the highest common divisor of 32 and 3232.
32
Calculate the greatest common divisor of 148 and 108.
4
What is the greatest common factor of 18 and 1662?
6
Calculate the highest common factor of 238 and 14.
14
Calculate the highest common factor of 870 and 50.
10
Calculate the highest common factor of 805 and 322.
161
Calculate the greatest common divisor of 378 and 98.
14
Calculate the highest common factor of 301 and 129.
43
Calculate the greatest common factor of 5220 and 144.
36
Calculate the highest common divisor of 676 and 130.
26
Calculate the greatest common divisor of 275 and 11.
11
Calculate the greatest common divisor of 15 and 85.
5
What is the greatest common divisor of 72 and 36?
36
What is the greatest common divisor of 135 and 1440?
45
Calculate the greatest common divisor of 186 and 6789.
93
Calculate the highest common factor of 1408 and 88.
88
What is the greatest common divisor of 147 and 2303?
49
Calculate the greatest common factor of 14635 and 5.
5
Calculate the highest common factor of 1620 and 160.
20
Calculate the greatest common divisor of 20 and 3940.
20
What is the highest common factor of 44 and 4?
4
Calculate the highest common divisor of 37 and 148.
37
Calculate the greatest common divisor of 1467 and 4727.
163
What is the highest common divisor of 1829 and 59?
59
Calculate the greatest common divisor of 913 and 33.
11
What is the greatest common factor of 116570 and 10?
10
What is the greatest common factor of 52 and 988?
52
Calculate the greatest common divisor of 21012 and 102.
102
Calculate the greatest common factor of 1188 and 96.
12
What is the greatest common divisor of 33 and 6?
3
Calculate the highest common divisor of 392 and 126.
14
Calculate the highest common factor of 4 and 268.
4
What is the highest common divisor of 10 and 16?
2
Calculate the highest common factor of 483 and 7.
7
Calculate the greatest common factor of 14590 and 10.
10
What is the greatest common divisor of 84 and 2058?
42
Calculate the highest common factor of 43243 and 83.
83
Calculate the greatest common divisor of 57120 and 84.
84
What is the highest common divisor of 702 and 9?
9
Calculate the greatest common factor of 22 and 77.
11
Calculate the highest common factor of 169 and 52.
13
Calculate the greatest common divisor of 5 and 761.
1
Calculate the greatest common divisor of 40367 and 37.
37
Calculate the greatest common divisor of 18 and 729.
9
Calculate the greatest common divisor of 153 and 36.
9
Calculate the greatest common factor of 48 and 504.
24
What is the greatest common factor of 441 and 36?
9
What is the greatest common factor of 110 and 2510?
10
What is the greatest common divisor of 75 and 4325?
25
What is the highest common divisor of 413 and 28?
7
Calculate the highest common divisor of 69 and 2047.
23
Calculate the greatest common divisor of 837 and 403.
31
What is the highest common divisor of 5944 and 8?
8
Calculate the highest common factor of 140 and 4820.
20
Calculate the highest common divisor of 13 and 1.
1
What is the greatest common factor of 24 and 2088?
24
What is the greatest common divisor of 8028 and 36?
36
Calculate the highest common divisor of 85 and 459.
17
Calculate the highest common divisor of 1243 and 11.
11
What is the greatest common divisor of 255 and 272?
17
What is the highest common divisor of 2655 and 1440?
45
What is the highest common factor of 27 and 621?
27
Calculate the highest common factor of 9899 and 57.
19
What is the highest common factor of 2990 and 39?
13
What is the greatest common factor of 28000 and 40?
40
What is the highest common factor of 166 and 1411?
83
Calculate the greatest common divisor of 1182 and 66.
6
Calculate the highest common divisor of 4 and 7.
1
Calculate the greatest common factor of 6 and 8598.
6
Calculate the greatest common factor of 72 and 810.
18
Calculate the greatest common divisor of 122 and 77714.
122
What is the greatest common divisor of 234 and 1962?
18
What is the highest common factor of 99 and 90?
9
What is the highest common factor of 100 and 3320?
20
What is the highest common factor of 35 and 455?
35
Calculate the highest common divisor of 1173 and 663.
51
What is the greatest common divisor of 59722 and 26?
26
Calculate the highest common divisor of 24 and 304.
8
What is the highest common factor of 180 and 54?
18
Calculate the greatest common factor of 36 and 9.
9
What is the greatest common divisor of 32 and 29584?
16
What is the highest common divisor of 483 and 273?
21
What is the highest common divisor of 306 and 3774?
102
What is the greatest common divisor of 1 and 4?
1
What is the highest common divisor of 968 and 1089?
121
What is the greatest common factor of 1591 and 629?
37
Calculate the highest common factor of 5760 and 600.
120
Calculate the highest common divisor of 460 and 20.
20
Calculate the greatest common factor of 738 and 15006.
246
Calculate the highest common factor of 57 and 27.
3
What is the greatest common divisor of 5760 and 45?
45
Calculate the highest common factor of 74 and 370.
74
What is the highest common factor of 7475 and 130?
65
Calculate the greatest common divisor of 180 and 170.
10
What is the highest common divisor of 1650 and 66?
66
What is the greatest common factor of 798 and 42?
42
Calculate the greatest common divisor of 297 and 369.
9
What is the highest common factor of 952 and 4200?
56
Calculate the highest common factor of 198 and 297.
99
Calculate the greatest common divisor of 243 and 39.
3
What is the highest common divisor of 24 and 648?
24
What is the highest common divisor of 8 and 268?
4
What is the greatest common factor of 1034 and 55?
11
Calculate the highest common divisor of 551 and 19.
19
What is the greatest common divisor of 75 and 12?
3
What is the greatest common factor of 2888 and 95?
19
Calculate the greatest common divisor of 880 and 308.
44
What is the highest common divisor of 39 and 1053?
39
Calculate the greatest common divisor of 2348 and 2.
2
What is the highest common divisor of 996 and 12?
12
Calculate the highest common factor of 264 and 33.
33
What is the greatest common factor of 522 and 126?
18
Calculate the highest common factor of 1160 and 986.
58
Calculate the greatest common factor of 800 and 100.
100
Calculate the highest common factor of 2247 and 336.
21
What is the greatest common divisor of 32 and 128?
32
Calculate the greatest common factor of 86 and 2666.
86
Calculate the greatest common divisor of 5377 and 76.
19
What is the greatest common divisor of 258 and 129?
129
What is the highest common divisor of 82 and 4469?
41
What is the greatest common factor of 4418 and 94?
94
Calculate the highest common factor of 16259 and 229.
229
Calculate the highest common factor of 774 and 36.
18
Calculate the highest common factor of 1215 and 10.
5
Calculate the highest common factor of 32021 and 11.
11
What is the highest common factor of 24 and 468?
12
What is the highest common factor of 8 and 9208?
8
Calculate the greatest common factor of 23922 and 54.
54
Calculate the greatest common factor of 32 and 416.
32
What is the greatest common factor of 81 and 459?
27
Calculate the greatest common factor of 234 and 3328.
26
What is the highest common divisor of 38 and 4598?
38
What is the greatest common divisor of 2432 and 38?
38
Calculate the highest common factor of 782 and 3842.
34
Calculate the highest common factor of 21 and 462.
21
What is the highest common factor of 49 and 1568?
49
Calculate the greatest common factor of 108 and 864.
108
Calculate the highest common divisor of 153 and 51.
51
What is the highest common factor of 2175 and 375?
75
What is the highest common divisor of 372 and 216?
12
Calculate the highest common factor of 20 and 2220.
20
Calculate the greatest common divisor of 3289 and 429.
143
Calculate the highest common factor of 5 and 7.
1
Calculate the greatest common factor of 33 and 649.
11
Calculate the greatest common factor of 2163 and 21.
21
What is the greatest common factor of 1 and 83?
1
What is the highest common factor of 85 an